{"id":153,"date":"2024-03-31T21:39:31","date_gmt":"2024-03-31T19:39:31","guid":{"rendered":"http:\/\/bgtime.sk\/?page_id=153"},"modified":"2026-03-20T14:23:01","modified_gmt":"2026-03-20T13:23:01","slug":"historia","status":"publish","type":"page","link":"https:\/\/bgtime.sk\/?page_id=153","title":{"rendered":"HIST\u00d3RIA"},"content":{"rendered":"\n<p> <\/p>\n\n\n\n<p><strong>BG Time (Bluegrass Time)<\/strong><\/p>\n\n\n\n<p>Aktu\u00e1lny BG Time nadv\u00e4zuje na zostavu z konca dev\u00e4\u0165desiatych rokov, ktor\u00fa viedol mandolinista Du\u0161an \u201eTiti\u201c Bachrat\u00fd, legenda slovensk\u00e9ho bluegrassu. Pod jeho veden\u00edm pre\u0161lo kapelou mno\u017estvo muzikantov, ktor\u00ed dnes p\u00f4sobia v r\u00f4znych hudobn\u00fdch projektoch a zoskupeniach.<\/p>\n\n\n\n<p>Dne\u0161n\u00e1 podoba BG Time vznikla <strong>v roku 2004<\/strong> spojen\u00edm zostavy okolo Pavla \u0160tefeka, Ernesta Krammera, Romana \u201eRamona\u201c Zia\u0165ka, Lucie Grossovej a Jozefa \u201eDoda\u201c J\u00e1gersk\u00e9ho s banjistom Tom\u00e1\u0161om Pe\u0161kom, p\u00f4vodn\u00fdm \u010dlenom BG Time. Spolo\u010dnou v\u00edziou bolo hra\u0165 autorsk\u00e9 slovensk\u00e9 piesne v bluegrassovom duchu \u2013 samozrejme s po\u017eehnan\u00edm Du\u0161ana \u201eTitiho\u201c Bachrat\u00e9ho.<\/p>\n\n\n\n<p>V rokoch 2004 \u2013 2007 hrali v kapele na dobro <strong>Roman \u201eRamon\u201c Zia\u0165ko<\/strong> a na mandol\u00ednu <strong>Ernest Krammer<\/strong>, ktor\u00ed sa podie\u013eali aj na albume <strong>Kvapky rosy (2006)<\/strong>.<\/p>\n\n\n\n<p>Od zimy 2007 pokra\u010dovala kapela v zostave:<br><strong>Pavol \u0160tefek<\/strong> \u2013 gitara, s\u00f3lov\u00fd spev,<br><strong>Tom\u00e1\u0161 Pe\u0161ko<\/strong> \u2013 banjo, vok\u00e1l,<br><strong>Vladislav \u201eGa\u0161par\u201c \u0160mihula<\/strong> \u2013 mandol\u00edna,<br><strong>Jozef \u201eDodo\u201c J\u00e1gersk\u00fd<\/strong> \u2013 kontrabas<\/p>\n\n\n\n<p>Od roku 2009 hr\u00e1 s kapelou na dobro <strong>Peter Szabados<\/strong> a ako hos\u0165 sa na koncertoch pravidelne predstavuje huslista <strong>Michal Kov\u00e1\u010d<\/strong>.<\/p>\n\n\n\n<p>Od jesene 2022 dop\u013a\u0148a zostavu na elektrickej basgitare <strong>Zuzana Tan\u010dibokov\u00e1 Sedm\u00e1kov\u00e1<\/strong>.<\/p>\n\n\n\n<p>Po dlh\u00fdch rokoch spolo\u010dn\u00e9ho p\u00f4sobenia sa na jese\u0148 2025 rozhodol banjista Tom\u00e1\u0161 Pe\u0161ko pokra\u010dova\u0165 vlastnou hudobnou cestou. Re\u0161pektujeme jeho rozhodnutie aj autorstvo jeho skladieb a \u010fakujeme mu za v\u0161etko, \u010do po\u010das rokov spolo\u010dn\u00e9ho hrania vzniklo.<\/p>\n\n\n\n<p><strong>BG Time pokra\u010duje v hudobnej ceste, ktor\u00fa spolu s fan\u00fa\u0161ikmi buduje u\u017e dlh\u00e9 roky a zost\u00e1va otvoren\u00fdm hudobn\u00fdm priestorom postaven\u00fdm na spolupr\u00e1ci, re\u0161pekte a spolo\u010dnej radosti z hudby.<\/strong><\/p>\n\n\n\n<p>Kapela vystupuje s autorsk\u00fdm reperto\u00e1rom aj bluegrassov\u00fdmi interpret\u00e1ciami, ktor\u00e9 formovali jej zvuk po\u010das rokov spolo\u010dn\u00e9ho hrania. \u010eakujeme v\u0161etk\u00fdm fan\u00fa\u0161ikom za podporu a priaze\u0148.<br><\/p>\n\n\n\n<p><\/p>\n\n\n\n<p><strong>Te\u0161\u00edme sa na stretnutia pod p\u00f3diom.<\/strong><\/p>\n\n\n\n<p><\/p>\n\n\n\n<p>Z hist\u00f3rie BG Time:<\/p>\n\n\n\n<figure class=\"is-layout-flex wp-block-gallery-1 wp-block-gallery has-nested-images columns-default is-cropped\">\n<figure class=\"wp-block-image size-large\"><img decoding=\"async\" loading=\"lazy\" width=\"682\" height=\"1024\" data-id=\"237\"  src=\"http:\/\/bgtime.sk\/wp-content\/uploads\/2024\/04\/Country-Sunava-302-682x1024.jpg\" alt=\"\" class=\"wp-image-237\" srcset=\"https:\/\/bgtime.sk\/wp-content\/uploads\/2024\/04\/Country-Sunava-302-682x1024.jpg 682w, https:\/\/bgtime.sk\/wp-content\/uploads\/2024\/04\/Country-Sunava-302-200x300.jpg 200w, https:\/\/bgtime.sk\/wp-content\/uploads\/2024\/04\/Country-Sunava-302-768x1153.jpg 768w, https:\/\/bgtime.sk\/wp-content\/uploads\/2024\/04\/Country-Sunava-302.jpg 864w\" sizes=\"(max-width: 682px) 100vw, 682px\" \/><\/figure>\n\n\n\n<figure class=\"wp-block-image size-large\"><img decoding=\"async\" loading=\"lazy\" width=\"1024\" height=\"684\" data-id=\"233\"  src=\"http:\/\/bgtime.sk\/wp-content\/uploads\/2024\/04\/Country-Sunava-333-1024x684.jpg\" alt=\"\" class=\"wp-image-233\" srcset=\"https:\/\/bgtime.sk\/wp-content\/uploads\/2024\/04\/Country-Sunava-333-1024x684.jpg 1024w, https:\/\/bgtime.sk\/wp-content\/uploads\/2024\/04\/Country-Sunava-333-300x200.jpg 300w, https:\/\/bgtime.sk\/wp-content\/uploads\/2024\/04\/Country-Sunava-333-768x513.jpg 768w, https:\/\/bgtime.sk\/wp-content\/uploads\/2024\/04\/Country-Sunava-333.jpg 1132w\" sizes=\"(max-width: 1024px) 100vw, 1024px\" \/><\/figure>\n\n\n\n<figure class=\"wp-block-image size-large\"><img decoding=\"async\" loading=\"lazy\" width=\"1024\" height=\"682\" data-id=\"231\"  src=\"http:\/\/bgtime.sk\/wp-content\/uploads\/2024\/04\/Country-Sunava-334-1024x682.jpg\" alt=\"\" class=\"wp-image-231\" srcset=\"https:\/\/bgtime.sk\/wp-content\/uploads\/2024\/04\/Country-Sunava-334-1024x682.jpg 1024w, https:\/\/bgtime.sk\/wp-content\/uploads\/2024\/04\/Country-Sunava-334-300x200.jpg 300w, https:\/\/bgtime.sk\/wp-content\/uploads\/2024\/04\/Country-Sunava-334-768x512.jpg 768w, https:\/\/bgtime.sk\/wp-content\/uploads\/2024\/04\/Country-Sunava-334.jpg 1169w\" sizes=\"(max-width: 1024px) 100vw, 1024px\" \/><\/figure>\n\n\n\n<figure class=\"wp-block-image size-large\"><img decoding=\"async\" loading=\"lazy\" width=\"1024\" height=\"576\" data-id=\"236\"  src=\"http:\/\/bgtime.sk\/wp-content\/uploads\/2024\/04\/IMG_3680-1024x576.jpg\" alt=\"\" class=\"wp-image-236\" srcset=\"https:\/\/bgtime.sk\/wp-content\/uploads\/2024\/04\/IMG_3680-1024x576.jpg 1024w, https:\/\/bgtime.sk\/wp-content\/uploads\/2024\/04\/IMG_3680-300x169.jpg 300w, https:\/\/bgtime.sk\/wp-content\/uploads\/2024\/04\/IMG_3680-768x432.jpg 768w, https:\/\/bgtime.sk\/wp-content\/uploads\/2024\/04\/IMG_3680-1536x864.jpg 1536w, https:\/\/bgtime.sk\/wp-content\/uploads\/2024\/04\/IMG_3680-2048x1152.jpg 2048w\" sizes=\"(max-width: 1024px) 100vw, 1024px\" \/><\/figure>\n\n\n\n<figure class=\"wp-block-image size-large\"><img decoding=\"async\" loading=\"lazy\" width=\"1024\" height=\"576\" data-id=\"234\"  src=\"http:\/\/bgtime.sk\/wp-content\/uploads\/2024\/04\/IMG_3681-1024x576.jpg\" alt=\"\" class=\"wp-image-234\" srcset=\"https:\/\/bgtime.sk\/wp-content\/uploads\/2024\/04\/IMG_3681-1024x576.jpg 1024w, https:\/\/bgtime.sk\/wp-content\/uploads\/2024\/04\/IMG_3681-300x169.jpg 300w, https:\/\/bgtime.sk\/wp-content\/uploads\/2024\/04\/IMG_3681-768x432.jpg 768w, https:\/\/bgtime.sk\/wp-content\/uploads\/2024\/04\/IMG_3681-1536x864.jpg 1536w, https:\/\/bgtime.sk\/wp-content\/uploads\/2024\/04\/IMG_3681-2048x1152.jpg 2048w\" sizes=\"(max-width: 1024px) 100vw, 1024px\" \/><\/figure>\n\n\n\n<figure class=\"wp-block-image size-large\"><img decoding=\"async\" loading=\"lazy\" width=\"1024\" height=\"576\" data-id=\"235\"  src=\"http:\/\/bgtime.sk\/wp-content\/uploads\/2024\/04\/IMG_3683-1024x576.jpg\" alt=\"\" class=\"wp-image-235\" srcset=\"https:\/\/bgtime.sk\/wp-content\/uploads\/2024\/04\/IMG_3683-1024x576.jpg 1024w, https:\/\/bgtime.sk\/wp-content\/uploads\/2024\/04\/IMG_3683-300x169.jpg 300w, https:\/\/bgtime.sk\/wp-content\/uploads\/2024\/04\/IMG_3683-768x432.jpg 768w, https:\/\/bgtime.sk\/wp-content\/uploads\/2024\/04\/IMG_3683-1536x864.jpg 1536w, https:\/\/bgtime.sk\/wp-content\/uploads\/2024\/04\/IMG_3683-2048x1152.jpg 2048w\" sizes=\"(max-width: 1024px) 100vw, 1024px\" \/><\/figure>\n<\/figure>\n\n\n\n<p><\/p>\n\n\n\n<figure class=\"is-layout-flex wp-block-gallery-3 wp-block-gallery has-nested-images columns-default is-cropped\">\n<figure class=\"wp-block-image size-large\"><img decoding=\"async\" loading=\"lazy\" width=\"155\" height=\"155\" data-id=\"251\"  src=\"http:\/\/bgtime.sk\/wp-content\/uploads\/2024\/04\/13412937_600109303480674_2016741316108973653_n-1.jpg\" alt=\"\" class=\"wp-image-251\" srcset=\"https:\/\/bgtime.sk\/wp-content\/uploads\/2024\/04\/13412937_600109303480674_2016741316108973653_n-1.jpg 155w, https:\/\/bgtime.sk\/wp-content\/uploads\/2024\/04\/13412937_600109303480674_2016741316108973653_n-1-150x150.jpg 150w\" sizes=\"(max-width: 155px) 100vw, 155px\" \/><\/figure>\n\n\n\n<figure class=\"wp-block-image size-large\"><img decoding=\"async\" loading=\"lazy\" width=\"206\" height=\"206\" data-id=\"254\"  src=\"http:\/\/bgtime.sk\/wp-content\/uploads\/2024\/04\/13418818_600109683480636_192364550504640148_n-1.jpg\" alt=\"\" class=\"wp-image-254\" srcset=\"https:\/\/bgtime.sk\/wp-content\/uploads\/2024\/04\/13418818_600109683480636_192364550504640148_n-1.jpg 206w, https:\/\/bgtime.sk\/wp-content\/uploads\/2024\/04\/13418818_600109683480636_192364550504640148_n-1-150x150.jpg 150w\" sizes=\"(max-width: 206px) 100vw, 206px\" \/><\/figure>\n\n\n\n<figure class=\"wp-block-image size-large\"><img decoding=\"async\" loading=\"lazy\" width=\"206\" height=\"206\" data-id=\"253\"  src=\"http:\/\/bgtime.sk\/wp-content\/uploads\/2024\/04\/13443299_606015882890016_1028885359694022614_o-1.jpg\" alt=\"\" class=\"wp-image-253\" srcset=\"https:\/\/bgtime.sk\/wp-content\/uploads\/2024\/04\/13443299_606015882890016_1028885359694022614_o-1.jpg 206w, https:\/\/bgtime.sk\/wp-content\/uploads\/2024\/04\/13443299_606015882890016_1028885359694022614_o-1-150x150.jpg 150w\" sizes=\"(max-width: 206px) 100vw, 206px\" \/><\/figure>\n\n\n\n<figure class=\"wp-block-image size-large\"><img decoding=\"async\" loading=\"lazy\" width=\"206\" height=\"206\" data-id=\"256\"  src=\"http:\/\/bgtime.sk\/wp-content\/uploads\/2024\/04\/13497941_606017549556516_2018335092155381273_o-1.jpg\" alt=\"\" class=\"wp-image-256\" srcset=\"https:\/\/bgtime.sk\/wp-content\/uploads\/2024\/04\/13497941_606017549556516_2018335092155381273_o-1.jpg 206w, https:\/\/bgtime.sk\/wp-content\/uploads\/2024\/04\/13497941_606017549556516_2018335092155381273_o-1-150x150.jpg 150w\" sizes=\"(max-width: 206px) 100vw, 206px\" \/><\/figure>\n\n\n\n<figure class=\"wp-block-image size-large\"><img decoding=\"async\" loading=\"lazy\" width=\"206\" height=\"206\" data-id=\"252\"  src=\"http:\/\/bgtime.sk\/wp-content\/uploads\/2024\/04\/13517371_606017552889849_4690174903099851024_o-1.jpg\" alt=\"\" class=\"wp-image-252\" srcset=\"https:\/\/bgtime.sk\/wp-content\/uploads\/2024\/04\/13517371_606017552889849_4690174903099851024_o-1.jpg 206w, https:\/\/bgtime.sk\/wp-content\/uploads\/2024\/04\/13517371_606017552889849_4690174903099851024_o-1-150x150.jpg 150w\" sizes=\"(max-width: 206px) 100vw, 206px\" \/><\/figure>\n\n\n\n<figure class=\"wp-block-image size-large\"><img decoding=\"async\" loading=\"lazy\" width=\"206\" height=\"206\" data-id=\"255\"  src=\"http:\/\/bgtime.sk\/wp-content\/uploads\/2024\/04\/13558863_612228198935451_5416141400332400361_o-1.jpg\" alt=\"\" class=\"wp-image-255\" srcset=\"https:\/\/bgtime.sk\/wp-content\/uploads\/2024\/04\/13558863_612228198935451_5416141400332400361_o-1.jpg 206w, https:\/\/bgtime.sk\/wp-content\/uploads\/2024\/04\/13558863_612228198935451_5416141400332400361_o-1-150x150.jpg 150w\" sizes=\"(max-width: 206px) 100vw, 206px\" \/><\/figure>\n\n\n\n<figure class=\"wp-block-image size-large\"><img decoding=\"async\" loading=\"lazy\" width=\"206\" height=\"206\" data-id=\"257\"  src=\"http:\/\/bgtime.sk\/wp-content\/uploads\/2024\/04\/293346158_417213887090974_5882983654000911924_n-1.jpg\" alt=\"\" class=\"wp-image-257\" srcset=\"https:\/\/bgtime.sk\/wp-content\/uploads\/2024\/04\/293346158_417213887090974_5882983654000911924_n-1.jpg 206w, https:\/\/bgtime.sk\/wp-content\/uploads\/2024\/04\/293346158_417213887090974_5882983654000911924_n-1-150x150.jpg 150w\" sizes=\"(max-width: 206px) 100vw, 206px\" \/><\/figure>\n\n\n\n<figure class=\"wp-block-image size-large\"><img decoding=\"async\" loading=\"lazy\" width=\"206\" height=\"206\" data-id=\"259\"  src=\"http:\/\/bgtime.sk\/wp-content\/uploads\/2024\/04\/324268827_759042899126130_1132933866536357545_n-1.jpg\" alt=\"\" class=\"wp-image-259\" srcset=\"https:\/\/bgtime.sk\/wp-content\/uploads\/2024\/04\/324268827_759042899126130_1132933866536357545_n-1.jpg 206w, https:\/\/bgtime.sk\/wp-content\/uploads\/2024\/04\/324268827_759042899126130_1132933866536357545_n-1-150x150.jpg 150w\" sizes=\"(max-width: 206px) 100vw, 206px\" \/><\/figure>\n\n\n\n<figure class=\"wp-block-image size-large\"><img decoding=\"async\" loading=\"lazy\" width=\"206\" height=\"206\" data-id=\"258\"  src=\"http:\/\/bgtime.sk\/wp-content\/uploads\/2024\/04\/331428748_754525706368947_5460776379262189691_n-1.jpg\" alt=\"\" class=\"wp-image-258\" srcset=\"https:\/\/bgtime.sk\/wp-content\/uploads\/2024\/04\/331428748_754525706368947_5460776379262189691_n-1.jpg 206w, https:\/\/bgtime.sk\/wp-content\/uploads\/2024\/04\/331428748_754525706368947_5460776379262189691_n-1-150x150.jpg 150w\" sizes=\"(max-width: 206px) 100vw, 206px\" \/><\/figure>\n\n\n\n<figure class=\"wp-block-image size-large\"><img decoding=\"async\" loading=\"lazy\" width=\"206\" height=\"206\" data-id=\"262\"  src=\"http:\/\/bgtime.sk\/wp-content\/uploads\/2024\/04\/334306276_987525359076346_1156747130625896276_n-1.jpg\" alt=\"\" class=\"wp-image-262\" srcset=\"https:\/\/bgtime.sk\/wp-content\/uploads\/2024\/04\/334306276_987525359076346_1156747130625896276_n-1.jpg 206w, https:\/\/bgtime.sk\/wp-content\/uploads\/2024\/04\/334306276_987525359076346_1156747130625896276_n-1-150x150.jpg 150w\" sizes=\"(max-width: 206px) 100vw, 206px\" \/><\/figure>\n\n\n\n<figure class=\"wp-block-image size-large\"><img decoding=\"async\" loading=\"lazy\" width=\"206\" height=\"206\" data-id=\"263\"  src=\"http:\/\/bgtime.sk\/wp-content\/uploads\/2024\/04\/334330455_949854343040679_8460451883367024209_n-1.jpg\" alt=\"\" class=\"wp-image-263\" srcset=\"https:\/\/bgtime.sk\/wp-content\/uploads\/2024\/04\/334330455_949854343040679_8460451883367024209_n-1.jpg 206w, https:\/\/bgtime.sk\/wp-content\/uploads\/2024\/04\/334330455_949854343040679_8460451883367024209_n-1-150x150.jpg 150w\" sizes=\"(max-width: 206px) 100vw, 206px\" \/><\/figure>\n\n\n\n<figure class=\"wp-block-image size-large\"><img decoding=\"async\" loading=\"lazy\" width=\"206\" height=\"206\" data-id=\"260\"  src=\"http:\/\/bgtime.sk\/wp-content\/uploads\/2024\/04\/334336059_219383297317266_8271723280602289259_n-1.jpg\" alt=\"\" class=\"wp-image-260\" srcset=\"https:\/\/bgtime.sk\/wp-content\/uploads\/2024\/04\/334336059_219383297317266_8271723280602289259_n-1.jpg 206w, https:\/\/bgtime.sk\/wp-content\/uploads\/2024\/04\/334336059_219383297317266_8271723280602289259_n-1-150x150.jpg 150w\" sizes=\"(max-width: 206px) 100vw, 206px\" \/><\/figure>\n<\/figure>\n","protected":false},"excerpt":{"rendered":"<p>BG Time (Bluegrass Time) Aktu\u00e1lny BG Time nadv\u00e4zuje na zostavu z konca dev\u00e4\u0165desiatych rokov, ktor\u00fa viedol mandolinista Du\u0161an \u201eTiti\u201c Bachrat\u00fd, legenda slovensk\u00e9ho bluegrassu. Pod jeho&hellip;<\/p>\n","protected":false},"author":1,"featured_media":0,"parent":0,"menu_order":0,"comment_status":"closed","ping_status":"closed","template":"","meta":{"_monsterinsights_skip_tracking":false,"_monsterinsights_sitenote_active":false,"_monsterinsights_sitenote_note":"","_monsterinsights_sitenote_category":0},"_links":{"self":[{"href":"https:\/\/bgtime.sk\/index.php?rest_route=\/wp\/v2\/pages\/153"}],"collection":[{"href":"https:\/\/bgtime.sk\/index.php?rest_route=\/wp\/v2\/pages"}],"about":[{"href":"https:\/\/bgtime.sk\/index.php?rest_route=\/wp\/v2\/types\/page"}],"author":[{"embeddable":true,"href":"https:\/\/bgtime.sk\/index.php?rest_route=\/wp\/v2\/users\/1"}],"replies":[{"embeddable":true,"href":"https:\/\/bgtime.sk\/index.php?rest_route=%2Fwp%2Fv2%2Fcomments&post=153"}],"version-history":[{"count":6,"href":"https:\/\/bgtime.sk\/index.php?rest_route=\/wp\/v2\/pages\/153\/revisions"}],"predecessor-version":[{"id":477,"href":"https:\/\/bgtime.sk\/index.php?rest_route=\/wp\/v2\/pages\/153\/revisions\/477"}],"wp:attachment":[{"href":"https:\/\/bgtime.sk\/index.php?rest_route=%2Fwp%2Fv2%2Fmedia&parent=153"}],"curies":[{"name":"wp","href":"https:\/\/api.w.org\/{rel}","templated":true}]}}